{"id":1022,"date":"2019-12-12T12:10:25","date_gmt":"2019-12-12T11:10:25","guid":{"rendered":"https:\/\/2-lions.de\/home\/?page_id=1022"},"modified":"2020-04-09T16:40:01","modified_gmt":"2020-04-09T14:40:01","slug":"vimodrom-2","status":"publish","type":"page","link":"https:\/\/2-lions.de\/home\/vimodrom-2\/","title":{"rendered":"Vimodrom"},"content":{"rendered":"<h1 style=\"text-align: center;\">Vimodrom Leipzig<\/h1>\n<p style=\"text-align: center;\">Das Vimodrom bietet seinen Kunden ein modernes und zeitsparendes Fitness-Konzept und setzt dabei auf innovative Vibrationstechnologie.<\/p>\n<p style=\"text-align: center;\">Beim Marketing setzt das Unternehmen auf die Kraft von Synergien und den Einsatz bewegter Bilder: Das Image-Video, in dem ein Profisportler der easyCredit BBL die vielf\u00e4ltigen M\u00f6glichkeiten des Vimodrom-Konzepts am eigenen Leib erf\u00e4hrt, setzt das Unternehmen vor allem zu Promo-Aktionen ein. <\/p>\n","protected":false},"excerpt":{"rendered":"<p>Vimodrom Leipzig Das Vimodrom bietet seinen Kunden ein modernes und zeitsparendes Fitness-Konzept und setzt dabei auf innovative Vibrationstechnologie. Beim Marketing setzt das Unternehmen auf die Kraft von Synergien und den Einsatz bewegter Bilder: Das Image-Video, in dem ein Profisportler der easyCredit BBL die vielf\u00e4ltigen M\u00f6glichkeiten des Vimodrom-Konzepts am eigenen Leib erf\u00e4hrt, setzt das Unternehmen vor [&hellip;]<\/p>\n","protected":false},"author":2,"featured_media":0,"parent":0,"menu_order":0,"comment_status":"closed","ping_status":"closed","template":"","meta":{"_vp_format_video_url":"","_vp_image_focal_point":[]},"_links":{"self":[{"href":"https:\/\/2-lions.de\/home\/wp-json\/wp\/v2\/pages\/1022"}],"collection":[{"href":"https:\/\/2-lions.de\/home\/wp-json\/wp\/v2\/pages"}],"about":[{"href":"https:\/\/2-lions.de\/home\/wp-json\/wp\/v2\/types\/page"}],"author":[{"embeddable":true,"href":"https:\/\/2-lions.de\/home\/wp-json\/wp\/v2\/users\/2"}],"replies":[{"embeddable":true,"href":"https:\/\/2-lions.de\/home\/wp-json\/wp\/v2\/comments?post=1022"}],"version-history":[{"count":11,"href":"https:\/\/2-lions.de\/home\/wp-json\/wp\/v2\/pages\/1022\/revisions"}],"predecessor-version":[{"id":1923,"href":"https:\/\/2-lions.de\/home\/wp-json\/wp\/v2\/pages\/1022\/revisions\/1923"}],"wp:attachment":[{"href":"https:\/\/2-lions.de\/home\/wp-json\/wp\/v2\/media?parent=1022"}],"curies":[{"name":"wp","href":"https:\/\/api.w.org\/{rel}","templated":true}]}}